{"id":206,"date":"2023-05-24T20:30:25","date_gmt":"2023-05-24T20:30:25","guid":{"rendered":"https:\/\/onisiforghibu.ro\/?page_id=206"},"modified":"2023-05-30T13:02:25","modified_gmt":"2023-05-30T13:02:25","slug":"lista-publicatiilor","status":"publish","type":"page","link":"https:\/\/onisiforghibu.ro\/index.php\/lista-publicatiilor\/","title":{"rendered":"Lista publica\u021biilor digitizate"},"content":{"rendered":"\n<p class=\"has-text-align-left\">Publica\u021biile digitizate &#8211; cele mai multe din arhiva personal\u0103 a lui Onisifor Ghibu, aflate \u00een colec\u021bia descenden\u021bilor, dar \u0219i c\u00e2teva din surse externe, semnalate aici pentru a completa eventuale lacune sau redundan\u021be &#8211; apar mai jos, \u00een ordinea apari\u021biei. Ele pot fi accesate \u0219i de aici, printr-un simplu clic pe referin\u021ba bibliografic\u0103.<\/p>\n\n\n\n<p>Pe parcursul anului aniversar 2023 vor fi \u00eenc\u0103rcate toate volumele din colec\u021bie, \u00een ordinea apari\u021biei. Operele nou ad\u0103ugate vor fi semnalate aici cu un asterisc. [<em>Stadiul actual: mai 2023, 26 volume<\/em>]<\/p>\n\n\n\n<p>Toate volumele aflate \u00een arhiva familiei \u0219i publicate pe aceast\u0103 pagin\u0103 pot fi accesate \u0219i utilizate cu titlu gratuit, cu men\u021bionarea sursei: <a href=\"http:\/\/onisiforghibu.ro\">onisiforghibu.ro<\/a>, arhiva digital\u0103 Onisifor Ghibu (colec\u021bia Irina Cristescu, proiect MNCR, muzeograf Corneliu Beldiman). Pentru restul link-urilor incluse pe aceast\u0103 list\u0103 se vor cita sursele aferente.<\/p>\n\n\n\n<p>1. <a href=\"http:\/\/digitool.bibmet.ro:1801\/webclient\/DeliveryManager?pid=1046460&amp;custom_att_2=direct\">Ghibu Onisifor, <em>R\u0103t\u0103ci\u021bi, necunosc\u00e2nd Scripturile. Reflexiuni<\/em> (I), \u201eTelegraful Rom\u00e2n\u201d, Anul LI, nr. 75, 8\/21 iulie 1903, p. 310<\/a> (link extern, www.digibook.ro)<\/p>\n\n\n\n<p>2. <a href=\"http:\/\/digitool.bibmet.ro:1801\/webclient\/DeliveryManager?pid=1046476&amp;custom_att_2=direct\">Ghibu Onisifor, <em>R\u0103t\u0103ci\u021bi, necunosc\u00e2nd Scripturile. Reflexiuni<\/em> (II), \u201eTelegraful Rom\u00e2n\u201d, Anul LI, nr. 76, 10\/23 iulie 1903, p. 314<\/a> (link extern, www.digibook.ro)<\/p>\n\n\n\n<p>3. <a href=\"http:\/\/digitool.bibmet.ro:1801\/webclient\/DeliveryManager?pid=1046474&amp;custom_att_2=direct\">Ghibu Onisifor, <em>R\u0103t\u0103ci\u021bi, necunosc\u00e2nd Scripturile. Reflexiuni<\/em> (III), \u201eTelegraful Rom\u00e2n\u201d, Anul LI, nr. 77, 12\/25 iulie 1903, p. 318<\/a> (link extern, www.digibook.ro)<\/p>\n\n\n\n<p>4. <a href=\"https:\/\/onisiforghibu.ro\/index.php\/2023\/05\/24\/o-g-limba-noualor-carti-bisericesti-tiparul-tipografiei-arhidiecesane-sibiu-1905\/\">Ghibu Onisifor, <em>Limba nou\u0103lor c\u0103r\u021bi biserice\u0219ti<\/em>, Tiparul Tipografiei Arhidiecezane, Sibiu, 1905<\/a><\/p>\n\n\n\n<p>5. <a href=\"https:\/\/onisiforghibu.ro\/index.php\/2023\/05\/11\/o-sima-o-g-cateva-probleme-de-ale-scoalei-primare-rominesti-din-ardeal-extras-din-viata-romaneasca-nr-9-1910-tipografia-dacia-p-d-iliescu-iasi\/\">Sima O. (Ghibu Onisifor), <em>C\u00e2teva probleme de-ale \u0219coalei primare rom\u00e2ne\u0219ti din Ardeal<\/em> (\u201eVia\u021ba Rom\u00e2neasc\u0103\u201d, Nr. 9, 1910), Tipografia \u201eDacia\u201d, P. &amp; D. Iliescu, Ia\u0219i, 1910<\/a><\/p>\n\n\n\n<p>6. <a href=\"https:\/\/onisiforghibu.ro\/index.php\/2023\/05\/07\/o-ghibu-der-moderne-utraquismus-die-zweisprachigkeit-in-der-volksschule-hermann-beyer-sohne-langensalza-1910\/\">Ghibu Onisifor, <em>Der moderne Utraquismus oder Die Zweisprachigkeit in der Volksschule<\/em>, Friedrich Mann, Padagogisches Magazin. Abhandlungen vom Gebiete der Padagogik und ihrer Hilfswissenschaften 414 Heft, Hermann Beyer &amp; S\u00f6hne (Beyer &amp; Mann), Langensalza, 1910<\/a><\/p>\n\n\n\n<p>7. <a href=\"https:\/\/onisiforghibu.ro\/index.php\/2023\/05\/11\/o-g-ziaristica-bisericeasca-la-romani-studiu-istoric-reproducere-din-telegraful-roman-tiparul-tipografiei-arhidiecezane-sibiu-1915\/\">Ghibu Onisifor, <em>Ziaristica bisericeasc\u0103 la rom\u00e2ni. Studiu istoric<\/em> (\u201eTelegraful Rom\u00e2n\u201d, 1910), Tiparul Tipografiei Arhidiecezane, Sibiu, 1910<\/a><\/p>\n\n\n\n<p>8. <a href=\"https:\/\/onisiforghibu.ro\/index.php\/2023\/05\/11\/g-sima-o-g-scoala-romaneasca-din-transilvania-si-ungaria-desvoltarea-ei-istorica-si-situatia-ei-actuala-institutul-de-arte-grafice-carol-gobl-s-sor-ion-st-rasidescu-16-strada-paris-fosta-do\/\">Sima G. (Ghibu Onisifor), \u0218coala rom\u00e2neasc\u0103 din Transilvania \u0219i Ungaria. Dezvoltarea ei istoric\u0103 \u0219i situa\u021bia ei actual\u0103, Institutul de Arte Grafice \u201eCarol G\u00f6bl\u201d, Bucure\u0219ti, 1915<\/a><\/p>\n\n\n\n<p>9. <a href=\"https:\/\/onisiforghibu.ro\/index.php\/2023\/05\/11\/diverse-pseudonime-o-g-scoala-moldoveneasca-revista-obstei-invatatorilor-moldoveni-din-basarabia-chisinau-1917-1918\/\">S\u0103car\u0103 Vasile, <em>\u0218coala Moldoveneasc\u0103. Revista Asocia\u021biei \u00cenv\u0103\u021b\u0103torilor Moldoveni din Basarabi<\/em>, Redactor vremelnic Vasile S\u0103car\u0103, \u00eenv\u0103\u021b\u0103tor din Baksap Revist\u0103 lunar\u0103 \u201eCuv\u00e2nt Moldovenesc\u201d, Tipografia lui V.V. Iakubovici Chi\u0219in\u0103u 1917 Anul I, Nr. 1, Iunie 1917, p. 1-38; Anul I, Nr. 2-4, Iulie-Septembrie 1917, p. 39-136; Anul I, Nr. 5-8, Octombrie-Decembrie 1917, p. 137-239; sumar general al Anului I, 1917<\/a><\/p>\n\n\n\n<p>10. <a href=\"https:\/\/onisiforghibu.ro\/index.php\/2023\/05\/11\/o-g-calatorind-prin-basarabia-impresiile-unui-roman-ardelean-tipografia-eparhiala-chisinau-1923\/\">Ghibu Onisifor, <em>C\u0103l\u0103torind prin Basarabia. Impresiile unui rom\u00e2n ardelean<\/em>, Tipografia Eparhial\u0103, Chi\u0219in\u0103u, 1923<\/a><\/p>\n\n\n\n<p>11. <a href=\"https:\/\/onisiforghibu.ro\/index.php\/2023\/05\/11\/o-g-catolicismul-unguresc-in-transilvania-si-politica-religioasa-a-statului-roman-institutul-de-arte-grafice-ardealul-str-memorandumului-no-22-cluj-1924\/\">Ghibu Onisifor, <em>Catolicismul unguresc \u00een Transilvania \u0219i politica religioas\u0103 a statului rom\u00e2n<\/em>, Institutul de Arte Grafice \u201eArdealul\u201d, Cluj, 1924<\/a><\/p>\n\n\n\n<p>12. <a href=\"https:\/\/onisiforghibu.ro\/index.php\/2023\/05\/24\/o-g-cum-s-a-facut-unirea-basarabiei-in-biblioteca-astra-nr-9-editura-asociatiunii-tiparul-tipografiei-arhidiecezane-sibiu-1925\/\">Ghibu Onisifor, <em>Cum s-a f\u0103cut Unirea Basarabiei<\/em>, Biblioteca Astra Nr. 9, Editura Astra, Tiparul Tipografiei Arhidiecezane, Sibiu, 1925<\/a><\/p>\n\n\n\n<p>13. <a href=\"https:\/\/onisiforghibu.ro\/index.php\/2023\/05\/24\/o-g-evolutia-sectiilor-literare-si-stiintifice-ale-astrei-la-un-popas-in-biblioteca-astra-nr-10-editura-asociatiunii-tiparul-tipografiei-daciei-t\/\">Ghibu Onisifor, <em>Evolu\u021bia Sec\u021biilor Literare \u0219i \u0218tiin\u021bifice ale \u201eAstrei\u201d (La un popas)<\/em>. Diserta\u021biune cetit\u0103 la 29 iunie 1925 \u00een \u0219edin\u021ba festiv\u0103 a sec\u021biunilor \u021binut\u0103 la Bra\u0219ov cu prilejul serb\u0103rilor jubiliare de 75 ani ale liceului \u201eAndreiu \u0218aguna\u201d, Biblioteca \u201eAstra\u201d Nr. 10, Tiparul Tipografiei \u201eDacia Traian\u0103\u201d, Bucure\u0219ti, 1925<\/a><\/p>\n\n\n\n<p>14. <a href=\"https:\/\/onisiforghibu.ro\/index.php\/2023\/05\/30\/o-g-in-jurul-catolicismului-si-a-unirii-bisericilor-biblioteca-semanatorul-editura-librariei-diecezane-tiparul-tipografiei-diecezane-arad-1925\/\">Ghibu Onisifor, <em>\u00cen jurul catolicismului \u0219i a unirii bisericilor<\/em>, Biblioteca \u201eSem\u0103n\u0103torul\u201d Editura Libr\u0103riei Diecezane, Tiparul Tipografiei Diecezane, Arad, 1925<\/a><\/p>\n\n\n\n<p>15. <a href=\"https:\/\/onisiforghibu.ro\/index.php\/2023\/05\/30\/o-g-infiintarea-patriarhatului-romanesc-habemus-papam-tiparul-imprimeriei-lapkiado-cluj-1925\/\">Ghibu Onisifor, <em>\u00cenfiin\u021barea Patriarhatului rom\u00e2nesc. Habemus papam!<\/em>, Tiparul Imprimeriei \u201eLapkiad\u00f3\u201d, Cluj, 1925<\/a><\/p>\n\n\n\n<p>16. <a href=\"https:\/\/onisiforghibu.ro\/index.php\/2023\/05\/30\/o-g-almanahul-presei-romane-pe-1926-sindicatul-presei-romane-din-ardeal-si-banat-cluj-tipografia-viata-cluj-1926\/\">Ghibu Onisifor, <em>Almanahul Presei Rom\u00e2ne pe 1926<\/em>, Sindicatul Presei Rom\u00e2ne din Ardeal \u0219i Banat, Cluj, Tipografia \u201eVia\u021ba\u201d, Cluj, 1926<\/a><\/p>\n\n\n\n<p>17. <a href=\"https:\/\/onisiforghibu.ro\/index.php\/2023\/05\/30\/o-g-cateva-cuvinte-insotite-de-intrebari-catra-consiliile-comunale-din-judetul-orhei-tipografia-eparhiala-cartea-romaneasca-chisinau-1926\/\">Ghibu Onisifor, <em>C\u00e2teva cuvinte \u00eenso\u021bite de \u00eentreb\u0103ri c\u0103tr\u0103 Consiliile Comunale din jude\u021bul Orhei<\/em>, Tipografia Eparhial\u0103 \u201eCartea Rom\u00e2neasc\u0103\u201d, Chi\u0219in\u0103u, 1926<\/a><\/p>\n\n\n\n<p>18.<a href=\"https:\/\/onisiforghibu.ro\/index.php\/2023\/05\/24\/o-g-darea-de-seama-inaintata-adunarii-generale-de-la-zalau-12-14-septembrie-1926-tipografia-eparhiala-cartea-romaneasca-chisinau-1926\/\"> Ghibu Onisifor, <em>Darea de seam\u0103 \u00eenaintat\u0103 Adun\u0103rii Generale de la Z\u0103lau 12-14 septembrie 1926<\/em>, Astra &#8211; Comisariatul General pentru Basarabia, Tipografia Eparhial\u0103 \u201eCartea Rom\u00e2neasc\u0103\u201d, Chi\u0219in\u0103u, 1926<\/a><\/p>\n\n\n\n<p>19. <a href=\"https:\/\/onisiforghibu.ro\/index.php\/2023\/05\/24\/o-g-dare-de-seama-despre-activitatea-astrei-basarabene-in-cel-dintai-an-de-activitate-al-ei-1926-7-tipografia-eparhiala-cartea-romaneasca-chisinau-1927\/\">Ghibu Onisifor, <em>Dare de seam\u0103 despre Activitatea \u201eAstrei\u201d Basarabene \u00een cel dint\u00e2i an de activitate a ei 1926-7 f\u0103cut\u0103 Adun\u0103rii generale de Constituire \u021binut\u0103 la 23 octombrie 1927<\/em>, Tipografia Eparhial\u0103 \u201eCartea Rom\u00e2neasc\u0103\u201d, Chi\u0219in\u0103u, 1927<\/a><\/p>\n\n\n\n<p>20. <a href=\"https:\/\/onisiforghibu.ro\/index.php\/2023\/05\/24\/o-g-doisprezece-ani-de-pedagogie-romaneasca-1919-1930-bucovina-i-e-toroutiu-bucuresti-1930\/\">Ghibu Onisifor, <em>Doisprezece ani de pedagogie rom\u00e2neasc\u0103 1919-1930<\/em>, Tipografia \u201eBucovina\u201d I.E. Torou\u021biu, Bucure\u0219ti, 1930<\/a><\/p>\n\n\n\n<p>21. <a href=\"https:\/\/onisiforghibu.ro\/\">Ghibu Onisifor, <em>O imperioas\u0103 problem\u0103 na\u021bional\u0103: unitatea religioas\u0103 a rom\u00e2nilor<\/em>, Tiparul Tipografiei \u201eAteneul\u201d, Beiu\u0219, 1931<\/a><\/p>\n\n\n\n<p>22. <a href=\"https:\/\/onisiforghibu.ro\/index.php\/2023\/05\/30\/o-g-studentimea-romana-din-cluj-si-problema-statului-romano-catolic-ardelean-ardealul-institut-de-arte-grafice-cluj-1931\/\">Stanca Octavian, Pop Dorin, <em>Studen\u021bimea rom\u00e2n\u0103 din Cluj \u0219i problema statului romano-catolic ardelean<\/em>. <em>Memoriu \u00eenaintat Onor. Senat al Universit\u0103\u021bii \u201eRegele Ferdinand\u201d \u0219i Onor. Guvern de Centrul Studen\u021besc \u201ePetru Maior\u201d<\/em>, \u201eArdealul\u201d, Institut de Arte Grafice, Cluj, 1931<\/a><\/p>\n\n\n\n<p>23. <a href=\"https:\/\/onisiforghibu.ro\/index.php\/2023\/05\/30\/o-g-o-grea-mostenire-harazita-de-ultimele-guvernari-acordul-incheiat-de-guvernul-iorga-cu-ungurii-iredentisti-din-ardeal-si-mentinut-de-guvernul-vaida-tipografia-ziarului-universul\/\">Ghibu Onisifor, <em>O grea mo\u0219tenire h\u0103r\u0103zit\u0103 de ultimele guvern\u0103ri. Acordul \u00eencheiat de Guvernul Iorga cu ungurii iredenti\u0219ti din Ardeal \u0219i men\u021binut de Guvernul Vaida<\/em>, Tipografia Ziarului \u201eUniversul\u201d S.A., Bucure\u0219ti, 1933<\/a><\/p>\n\n\n\n<p>24. <a href=\"https:\/\/onisiforghibu.ro\/index.php\/2023\/05\/30\/iencica-c-goga-d-omagiu-profesorului-onisifor-ghibu-din-partea-revistei-satul-si-scoala-redactia-iencica-c-goga-d-din-publicatiile-revistei-satul-si-scoala\/\">Iencic\u0103 Constantin, Goga Dumitru, <em>Omagiu Profesorului Onisifor Ghibu din partea revistei \u201eSatul \u0219i \u0218coala\u201d<\/em>, Redac\u021bia Iencic\u0103 C., Goga D., Din publica\u021biile revistei \u201eSatul \u0219i \u0218coala\u201d Nr. 6, Institutul de Arte Grafice \u201eArdealul\u201d, Cluj, 1933<\/a><\/p>\n\n\n\n<p>25. <a href=\"https:\/\/onisiforghibu.ro\/index.php\/2023\/05\/30\/moga-ion-un-luptator-onisifor-ghibu-gand-romanesc-an-i-nr-7-noiembrie-1933-tipografia-cartea-romaneasca-cluj-1933\/\">Moga Ion, <em>Un lupt\u0103tor: Onisifor<\/em> <em>Ghibu<\/em> (\u201eG\u00e2nd Rom\u00e2nesc\u201d, An I, Nr. 7, Noiembrie 1933), Tipografia \u201eCartea Rom\u00e2neasc\u0103\u201d, Cluj, 1933<\/a><\/p>\n\n\n\n<p>26. <a href=\"https:\/\/dspace.bcucluj.ro\/handle\/123456789\/143495\">Naghiu Iosif, Moga Ioan, Cr\u0103ciunIoachim, <em>Bio-bibliografia Profesorului Onisifor Ghibu<\/em>, Editura \u201eCultura Rom\u00e2neasc\u0103\u201d, Bucure\u015fti, 1941<\/a> (link extern, Biblioteca Digital\u0103 BCU Cluj)<\/p>\n\n\n\n<p><\/p>\n\n\n\n<p><\/p>\n","protected":false},"excerpt":{"rendered":"<p>Publica\u021biile digitizate &#8211; cele mai multe din arhiva personal\u0103 a lui Onisifor Ghibu, aflate \u00een colec\u021bia descenden\u021bilor, dar \u0219i c\u00e2teva din surse externe, semnalate aici pentru a completa eventuale lacune sau redundan\u021be &#8211; apar mai jos, \u00een ordinea apari\u021biei. Ele pot fi accesate \u0219i de aici, printr-un simplu clic pe referin\u021ba bibliografic\u0103. Pe parcursul anului&#8230;<\/p>\n","protected":false},"author":1,"featured_media":0,"parent":0,"menu_order":0,"comment_status":"closed","ping_status":"closed","template":"","meta":[],"_links":{"self":[{"href":"https:\/\/onisiforghibu.ro\/index.php\/wp-json\/wp\/v2\/pages\/206"}],"collection":[{"href":"https:\/\/onisiforghibu.ro\/index.php\/wp-json\/wp\/v2\/pages"}],"about":[{"href":"https:\/\/onisiforghibu.ro\/index.php\/wp-json\/wp\/v2\/types\/page"}],"author":[{"embeddable":true,"href":"https:\/\/onisiforghibu.ro\/index.php\/wp-json\/wp\/v2\/users\/1"}],"replies":[{"embeddable":true,"href":"https:\/\/onisiforghibu.ro\/index.php\/wp-json\/wp\/v2\/comments?post=206"}],"version-history":[{"count":7,"href":"https:\/\/onisiforghibu.ro\/index.php\/wp-json\/wp\/v2\/pages\/206\/revisions"}],"predecessor-version":[{"id":272,"href":"https:\/\/onisiforghibu.ro\/index.php\/wp-json\/wp\/v2\/pages\/206\/revisions\/272"}],"wp:attachment":[{"href":"https:\/\/onisiforghibu.ro\/index.php\/wp-json\/wp\/v2\/media?parent=206"}],"curies":[{"name":"wp","href":"https:\/\/api.w.org\/{rel}","templated":true}]}}